 prime factors of 1009343624.
2, 2153, 58601
What are the prime factors of 964168179?
3, 13, 24722261
List the prime factors of 1892104963.
7, 43, 128287
What are the prime factors of 30773898?
2, 3, 569887
List the prime factors of 258194134.
2, 11, 29, 404693
What are the prime factors of 2013581648?
2, 13, 761, 12721
List the prime factors of 197564068.
2, 13, 751, 5059
What are the prime factors of 263233415?
5, 52646683
List the prime factors of 502586050.
2, 5, 163, 61667
What are the prime factors of 534730439?
31, 17249369
List the prime factors of 287776792.
2, 67, 439, 1223
What are the prime factors of 191423218?
2, 7, 13673087
List the prime factors of 178834360.
2, 5, 4470859
List the prime factors of 97954577.
7, 37, 97, 557
What are the prime factors of 99824879?
7, 11, 19, 6203
List the prime factors of 359039872.
2, 103, 113, 241
List the prime factors of 2043135.
3, 5, 45403
List the prime factors of 29447684.
2, 7, 107, 9829
What are the prime factors of 855723290?
2, 5, 85572329
List the prime factors of 4030012590.
2, 3, 5, 41, 157, 509
What are the prime factors of 753580061?
13, 157, 251, 1471
List the prime factors of 4559007643.
467, 9762329
List the prime factors of 11137129.
23, 43, 11261
List the prime factors of 59473146.
2, 3, 1669, 5939
What are the prime factors of 60215549?
60215549
List the prime factors of 28936767.
3, 9645589
List the prime factors of 286161565.
5, 19, 3012227
What are the prime factors of 991641141?
3, 19, 193, 30047
What are the prime factors of 812877920?
2, 5, 227, 22381
What are the prime factors of 899817962?
2, 859, 523759
What are the prime factors of 59865170?
2, 5, 67, 199, 449
List the prime factors of 883985584.
2, 17, 31, 41, 2557
What are the prime factors of 560478435?
3, 5, 11, 19, 178781
What are the prime factors of 129039124?
2, 32259781
List the prime factors of 1280410713.
3, 23, 239, 8627
What are the prime factors of 47502839?
149, 318811
What are the prime factors of 283080877?
283080877
List the prime factors of 151855332.
2, 3, 12654611
List the prime factors of 864139965.
3, 5, 13, 4431487
List the prime factors of 851001717.
3, 9397, 30187
What are the prime factors of 494976129?
3, 47, 3510469
What are the prime factors of 74147532?
2, 3, 1549, 3989
List the prime factors of 395835608.
2, 7, 271, 26083
What are the prime factors of 367984521?
3, 23, 1777703
What are the prime factors of 206245?
5, 13, 19, 167
What are the prime factors of 189640480?
2, 5, 139, 8527
What are the prime factors of 75750943?
75750943
What are the prime factors of 531874012?
2, 317, 419459
What are the prime factors of 5632691?
251, 22441
List the prime factors of 206978314.
2, 7477, 13841
What are the prime factors of 783717579?
3, 29026577
List the prime factors of 392195925.
3, 5, 11, 5869
List the prime factors of 7137483281.
7137483281
What are the prime factors of 35880550?
2, 5, 19, 179, 211
What are the prime factors of 896178914?
2, 89, 673, 7481
List the prime factors of 2448699232.
2, 7, 23, 461, 1031
List the prime factors of 1590866300.
2, 5, 23, 691681
List the prime factors of 270967760.
2, 5, 7, 17, 28463
What are the prime factors of 58116846?
2, 3, 17, 569773
List the prime factors of 2400071237.
17, 6673, 21157
What are the prime factors of 257373254?
2, 443, 290489
List the prime factors of 245345860.
2, 5, 19, 645647
List the prime factors of 712136144.
2, 521, 85429
What are the prime factors of 225029786?
2, 1451, 77543
List the prime factors of 1047709136.
2, 65481821
List the prime factors of 1953095508.
2, 3, 7, 13, 23
List the prime factors of 129956785.
5, 7, 23, 7019
List the prime factors of 2061358777.
479, 4303463
List the prime factors of 886017590.
2, 5, 433, 204623
What are the prime factors of 57558832?
2, 47, 76541
List the prime factors of 30804959.
617, 49927
What are the prime factors of 244510344?
2, 3, 13, 261229
List the prime factors of 1535224.
2, 191903
What are the prime factors of 2128061031?
3, 37, 19171721
List the prime factors of 5950211974.
2, 7, 8431, 50411
What are the prime factors of 12119852?
2, 3029963
What are the prime factors of 403329065?
5, 31, 179, 14537
What are the prime factors of 133845245?
5, 353, 75833
List the prime factors of 59306985.
3, 5, 146437
What are the prime factors of 934867032?
2, 3, 11, 19, 186377
What are the prime factors of 53149295?
5, 10629859
What are the prime factors of 26210237?
113, 163, 1423
List the prime factors of 145008374.
2, 7, 10357741
List the prime factors of 7546126991.
13, 17, 2626567
List the prime factors of 322724169.
3, 83, 16001
List the prime factors of 2613325857.
3, 871108619
List the prime factors of 53842742.
2, 26921371
What are the prime factors of 1519736905?
5, 433, 701957
List the prime factors of 476940176.
2, 43, 281, 2467
List the prime factors of 519833459.
519833459
List the prime factors of 48393079.
7, 41, 168617
What are the prime factors of 271812370?
2, 5, 41, 662957
What are the prime factors of 773096962?
2, 11, 563, 62417
List the prime factors of 144391125.
3, 5, 23, 16741
List the prime factors of 43259563.
43259563
What are the prime factors of 87179037?
3, 11, 31, 2749
List the prime factors of 6035565334.
2, 61, 2593, 19079
What are the prime factors of 116195610?
2, 3, 5, 53, 73079
What are the prime factors of 1351387?
1351387
List the prime factors of 582552738.
2, 3, 1297, 24953
List the prime factors of 77988042.
2, 3, 11, 131293
List the prime factors of 63183392.
2, 23, 85847
List the prime factors of 125052213.
3, 11, 13, 43, 6779
List the prime factors of 206841064.
2, 41, 630613
List the prime factors of 217120515.
3, 5, 17, 241, 3533
List the prime factors of 134275628.
2, 337, 99611
List the prime factors of 1651746.
2, 3, 19, 14489
What are the prime factors of 2188731686?
2, 1094365843
List the prime factors of 205937566.
2, 3187, 32309
List the prime factors of 634058069.
2017, 314357
List the prime factors of 86071638.
2, 3, 43, 149, 2239
List the prime factors of 2319045533.
7, 331292219
List the prime factors of 83307974.
2, 31, 1343677
List the prime factors of 75483806.
2, 2903, 13001
List the prime factors of 3223737946.
2, 11, 13, 241, 46771
What are the prime factors of 1765810390?
2, 5, 6949, 25411
List the prime factors of 41226383.
11, 503, 7451
What are the prime factors of 4079614474?
2, 13, 17, 53, 174149
What are the prime factors of 50658451?
50658451
What are the prime factors of 141395790?
2, 3, 5, 71, 66383
List the prime factors of 396929428.
2, 7, 1627, 8713
List the prime factors of 491846886.
2, 3, 1747, 15641
What are the prime factors of 1809958824?
2, 3, 89, 94151
What are the prime factors of 285983259?
3, 95327753
What are the prime factors of 489027060?
2, 3, 5, 1231, 2207
List the prime factors of 41137358.
2, 20568679
What are the prime factors of 79186286?
2, 23, 1721441
What are the prime factors of 196216081?
31, 173, 36587
What are the prime factors of 151691134?
2, 7, 10835081
What are the prime factors of 5007644525?
5, 13, 17, 23, 157, 251
List the prime factors of 100999964.
2, 13, 1942307
What are the prime factors of 618765829?
11, 43, 1308173
List the prime factors of 706531697.
706531697
List the prime factors of 73139998.
2, 36569999
What are the prime factors of 20078546?
2, 10039273
What are the prime factors of 26948745?
3, 5, 19, 43, 733
What are the prime factors of 40452064?
2, 19, 66533
What are the prime factors of 250613667?
3, 19, 1465577
List the prime factors of 99650468.
2, 281, 88657
What are the prime factors of 141789605?
5, 17, 1668113
List the prime factors of 438381366.
2, 3, 157, 465373
List the prime factors of 1735700145.
3, 5, 193, 599551
List the prime factors of 427123347.
3, 7, 2905601
What are the prime factors of 120364111?
7, 17194873
List the prime factors of 270555763.
19, 631, 22567
List the prime factors of 4110238900.
2, 5, 5347, 7687
List the prime factors of 3187658611.
41, 79, 984149
What are the prime factors of 15968349?
3, 37, 79, 607
List the prime factors of 49557534.
2, 3, 13, 635353
What are the prime factors of 1092868089?
3, 364289363
List the prime factors of 435677165.
5, 7, 11, 1131629
List the prime factors of 1130641326.
2, 3, 6491, 9